NOAA rapporten

Selecteer een rapport:
V/Λ2019 > jan feb mrt apr mei jun jul aug sep okt nov dec
V/Λ2018 > jan feb mrt apr mei jun jul aug sep okt nov dec
V/Λ2017 > jan feb mrt apr mei jun jul aug sep okt nov dec
V/Λ2016 > jan feb mrt apr mei jun jul aug sep okt nov dec
V/Λ2015 > jan feb mrt apr mei jun jul aug sep okt nov dec
V/Λ2014 > jan feb mrt apr mei jun jul aug sep okt nov dec

Rapport voor 2019 feb
                   Monthly Climatological Summary for feb 2019

Name: Meteo Tweede Exloërmond   City: Tweede Exloërmond   State: Drenthe
Elevation: 8 m  Lat: N 52° 54' 16"   Lon: E 006° 55' 01"

                  Temperature (°C), Rain (mm), Wind Speed (km/h)

                                      Heat  Cool        Avg
    Mean                              Deg   Deg         Wind                 Dom
Day Temp  High   Time   Low    Time   Days  Days  Rain  Speed High   Time    Dir
----------------------------------------------------------------------------------
 1   0,2   1,4   13:56  -1,5   03:12  18,1   0,0   1,3   5,7  17,6   07:47   ONO
 2   0,6   1,5   23:18  -0,5   06:51  17,7   0,0   1,0   5,6  16,6   14:49   NNW
 3   1,6   6,0   13:21  -1,2   08:03  16,7   0,0   0,0   6,3  28,4   13:28     W
 4   1,2   3,0   15:13  -0,5   03:45  17,0   0,0   0,0  12,7  45,0   17:40     Z
 5   3,9   5,4   15:49   2,4   00:00  14,4   0,0   0,0   6,8  23,8   00:25     Z
 6   4,6   6,2   23:41   3,5   03:38  13,7   0,0   0,0   9,7  32,4   07:38     Z
 7   7,3   9,4   14:29   6,0   21:41  11,0   0,0   0,0  15,1  42,1   07:17     Z
 8   7,1   9,1   20:42   4,6   03:23  11,2   0,0   0,0  15,8  50,0   20:49   ZZO
 9   8,3  10,0   12:15   6,2   03:37  10,0   0,0   7,2  17,0  52,9   11:25     Z
10   6,3   9,1   12:13   4,0   19:06  12,0   0,0   1,8  10,8  35,3   14:17   ZZW
11   5,3   8,2   13:37   2,9   23:43  13,0   0,0   1,0  13,3  41,4   12:56   WNW
12   4,9   9,0   15:28   1,3   06:42  13,4   0,0   0,0   6,7  20,2   15:26    ZW
13   6,5   8,3   15:33   4,0   23:51  11,8   0,0   0,0   8,8  17,3   08:52     Z
14   5,0  10,8   15:31   1,4   06:30  13,3   0,0   0,0   5,5  17,3   13:41     Z
15   6,5  13,8   15:23   1,0   01:09  11,7   0,0   0,0   6,5  16,9   14:56   ZZO
----------------------------------------------------------------------------------
     4,6  13,8    15    -1,5     1   205,0   0,0  12,3   9,8  52,9     9       Z

Max >=  27,0:  0
Max <=   0,0:  0
Min <=   0,0:  4
Min <= -18,0:  0
Max Rain: 7,2 on day 9
Days of Rain: 5 (>= 0,2 mm)  1 (>= 2,0 mm)  0 (>= 20,0 mm)
Heat Base: 18,3  Cool Base: 18,3  Method: Integration