NOAA rapporten

Selecteer een rapport:
V/Λ2019 > jan feb mrt apr mei jun jul aug sep okt nov dec
V/Λ2018 > jan feb mrt apr mei jun jul aug sep okt nov dec
V/Λ2017 > jan feb mrt apr mei jun jul aug sep okt nov dec
V/Λ2016 > jan feb mrt apr mei jun jul aug sep okt nov dec
V/Λ2015 > jan feb mrt apr mei jun jul aug sep okt nov dec
V/Λ2014 > jan feb mrt apr mei jun jul aug sep okt nov dec

Rapport voor 2019 apr
                   Monthly Climatological Summary for apr 2019

Name: Meteo Tweede Exloërmond   City: Tweede Exloërmond   State: Drenthe
Elevation: 8 m  Lat: N 52° 54' 16"   Lon: E 006° 55' 01"

                  Temperature (°C), Rain (mm), Wind Speed (km/h)

                                      Heat  Cool        Avg
    Mean                              Deg   Deg         Wind                 Dom
Day Temp  High   Time   Low    Time   Days  Days  Rain  Speed High   Time    Dir
----------------------------------------------------------------------------------
 1   6,5  13,8   16:28  -0,5   06:45  11,8   0,0   0,0   6,0  26,6   14:24   ONO
 2   9,5  18,2   14:05   2,4   04:28   8,8   0,0   0,0   8,5  68,8   20:35    ZO
 3   9,2  11,8   13:39   6,2   07:20   9,1   0,0   0,0   6,2  19,4   13:16    ZO
 4   6,6   8,1   14:45   3,9   07:53  11,7   0,0   3,8   3,2  12,2   16:05    ZW
 5   7,2   9,3   15:45   5,7   01:40  11,1   0,0   8,4   5,6  16,9   11:41    NW
 6  11,4  17,7   16:56   7,3   02:39   6,9   0,0   0,0   4,6  17,6   12:44   ONO
 7  14,1  22,1   15:42   6,6   06:44   5,1   0,9   0,0   4,7  20,9   14:50    NO
 8  12,7  20,7   15:52   4,7   07:05   6,0   0,4   0,0   7,5  24,5   19:08   NNO
 9   8,9  14,8   16:23   4,0   06:46   9,4   0,0   0,0  11,2  28,1   17:53    NO
10   5,7  11,4   12:01  -0,1   06:45  12,6   0,0   0,0  13,2  37,8   13:25   NNO
11   6,2  12,7   14:28   0,1   04:45  12,0   0,0   0,0   9,8  27,4   11:18    NO
12   6,0   9,5   11:11   2,1   23:55  12,3   0,0   0,0   6,8  20,2   17:57    NO
13   3,2   8,8   17:05  -1,4   06:31  15,1   0,0   0,0   9,4  38,5   12:00    NO
14   6,1  12,2   14:27  -0,5   05:27  12,2   0,0   0,0   7,7  22,0   16:31    NO
15  11,1  17,3   16:41   5,8   02:20   7,2   0,0   0,0   6,7  24,8   14:35   ONO
16  11,2  18,4   17:20   3,6   06:58   7,1   0,0   0,0   7,5  26,3   16:20   ONO
17  14,0  21,5   15:56   5,7   06:46   4,7   0,5   0,0   6,4  23,4   13:29   ONO
18  15,9  22,8   16:26   7,7   06:59   3,7   1,3   0,0   6,8  28,4   13:48   ONO
----------------------------------------------------------------------------------
     9,2  22,8    18    -1,4    13   166,8   3,1  12,2   7,3  68,8     2      NO

Max >=  27,0:  0
Max <=   0,0:  0
Min <=   0,0:  4
Min <= -18,0:  0
Max Rain: 8,4 on day 5
Days of Rain: 2 (>= 0,2 mm)  2 (>= 2,0 mm)  0 (>= 20,0 mm)
Heat Base: 18,3  Cool Base: 18,3  Method: Integration